ivided by r?
3
Suppose 16 + 16 = j. Suppose 6*l = 23 + 97. What is the remainder when j is divided by l?
12
Suppose -3*f - 34 = -4*t - 141, -2*t - 97 = -3*f. What is the remainder when f is divided by 11?
7
Let s = -12 - -37. Let n = s + 9. What is the remainder when n is divided by 12?
10
Let x(d) = d**3 + 23*d**2 + d + 32. Calculate the remainder when x(-23) is divided by 4.
1
Let t(g) = 2*g - 2. Suppose 4*q + 10 = 3*q. Let l be (8/10)/(q/(-75)). What is the remainder when 37 is divided by t(l)?
7
Suppose -37 - 12 = -7*b. Suppose b*f = 5*f + 180. Calculate the remainder when f is divided by 23.
21
Let n be 1/(3 - 28/10). Suppose n*r - 16 = 9. Suppose -2*i - 18 = -2*f, r*f - 2*i = -0*f + 60. Calculate the remainder when 39 is divided by f.
11
Let w(k) = 2*k**2 + 4*k + 2. Let a be w(-2). Suppose -a*c = 2*n - 14, -3*c = -0*n - 2*n - 1. What is the remainder when 6 is divided by n?
2
Suppose 4*h + 14 = 2*h - 3*w, -3*w = h + 13. Let t(n) = -2*n**3 - 29*n**2 - 109*n - 38. Calculate the remainder when 1*h*-1 - -5 is divided by t(-6).
2
Let b = 48 - 28. What is the remainder when (3/9)/(-1)*-172 - (-215)/(-645) is divided by b?
17
Let s(d) = -8*d - 29. What is the remainder when s(-8) is divided by (-24)/14*14/(-4)?
5
Let x(q) = -q**2 + 11*q - 14. Let y be x(9). Suppose 0 = 5*n - y*n - 3. Calculate the remainder when n is divided by 2.
1
Let v be 10/(((-10)/(-4))/5). Suppose -v = -2*m - 10. Let l = 14 - 1. Calculate the remainder when l is divided by m.
3
Suppose -16 = -g + x, 0 = 4*g + 6*x - 4*x - 76. Suppose -4*n = 2*p - 60, -3*n + 3*p - g = -81. What is the remainder when 63 is divided by n?
12
Suppose 2*d - 2*b + 2 = 0, -4*d - b - 3*b + 12 = 0. Let p(u) = 88*u**2 - 2*u + 2. Calculate the remainder when p(d) is divided by 30.
28
Suppose -2*q - 46 = -4*w + 12, 55 = 5*w + q. What is the remainder when 20 is divided by w?
8
Calculate the remainder when 30 is divided by (9/(-18))/(3/(-90)).
0
What is the remainder when (189/14*4)/(-1 - -2) is divided by 29?
25
Suppose 74 = 2*a - 2*q, 90 = 4*a + q - 63. Calculate the remainder when 120 is divided by a.
6
Let d = -23 + 35. Suppose -165*x + 155*x + 470 = 0. Calculate the remainder when x is divided by d.
11
Let a = -129 - -129. Suppose a = -5*v + 9*v - 36. What is the remainder when 34 is divided by v?
7
Suppose -32*x + x = -16988. Calculate the remainder when x is divided by 55.
53
Suppose p - 2 = -c, -3*c - 6 = -5*p + 4. Suppose 5*r + 4*g + 209 = 0, -202 = r + 4*r - 3*g. Let k = -39 - r. What is the remainder when k is divided by p?
0
Let p = -49 + 51. Let d(a) = 13*a**2 + 4*a - 2. Calculate the remainder when d(p) is divided by 20.
18
Calculate the remainder when 620 is divided by (3 - -2) + (-13)/((-182)/56).
8
Suppose -4*u - 8 = 0, -3*u + 43 - 139 = -j. Suppose -2*x - 4*h + 119 = 3*x, 5*x - h - 114 = 0. What is the remainder when j is divided by x?
21
Suppose -7 = 6*w - 85. Let n(v) = -12*v - 65. Calculate the remainder when w is divided by n(-6).
6
Suppose 0 = -x - 0*x - i + 4, 5*x - 4*i = 65. Let d(h) = h**3 + 3*h**2 - 8*h - 4. Let p be d(-3). Let q = p + x. What is the remainder when q is divided by 16?
13
Suppose 0*s + s = 0. Suppose 3 = i - s*i. Suppose f + 2*f - 9 = 3*y, -5*y + 41 = i*f. What is the remainder when 13 is divided by f?
6
Suppose 0*v + 5*v - 15 = 0. Suppose -87 = 2*t - 4*t - v*a, 153 = 4*t - a. Calculate the remainder when t is divided by 20.
19
Suppose -2*o + 609 = 535. What is the remainder when 254 is divided by o?
32
Let d = 11 - 4. Suppose -4*z = 3*j - 196, 3*z = d*z - 4*j - 224. Calculate the remainder when z is divided by 18.
16
Suppose 7*g - 4 = 31. Suppose -x + 20 = 3*w + 2*w, -x = g. Suppose -w*k + 395 = -5*l, -k + 4*l - 7 = -77. Calculate the remainder when k is divided by 17.
14
Let t(v) = -v + 14. Let i be t(9). Suppose 4*f - 80 = 3*h, 52 = i*f - 4*h - 48. Calculate the remainder when (-45)/(-18)*78/5 is divided by f.
19
Let c(r) = -r**3 - 8*r**2 + 8*r - 5. Let o be c(-9). Let t(w) = -o*w**2 + 4 - w**3 - 7*w - 3 + 2*w**3. What is the remainder when 123 is divided by t(6)?
30
Let q(b) be the second derivative of b**3/3 + b**2 + 22*b. Calculate the remainder when 29 is divided by q(7).
13
Suppose -16*l + 6 = -13*l. Let y(u) = 6*u - 2. Let g be y(l). Let m = g + 22. Calculate the remainder when m is divided by 11.
10
Let d = -64 - -119. Calculate the remainder when 81/(-20)*-8*5 is divided by d.
52
Let h(l) = -l**3 + 8*l**2 - 11*l - 1. Calculate the remainder when 56 is divided by h(6).
1
Suppose -4*v = 3*q - 242, 15*q - 19*q - 3*v + 325 = 0. Calculate the remainder when q is divided by (4 + -2)*17/2.
14
Let g = 2832 - 2115. What is the remainder when g is divided by 120?
117
Let b = -30 + 38. Suppose -6*d = b*d - 350. Calculate the remainder when 49 is divided by d.
24
Let k = 265 + -167. Suppose 4*r = -5*y + 280, -r = -y - 33 + k. Suppose -12*j - 84 = -16*j. What is the remainder when y is divided by j?
18
Let p(x) = x**2 + 6*x. Let g be p(-6). Let n(h) = 130 + 2*h - h**2 - 261 + 137 + 0*h. Calculate the remainder when 10 is divided by n(g).
4
Let o = -742 - -964. What is the remainder when o is divided by 75?
72
Suppose 0 = -2*p - 4*p. Suppose -2*g - g + 27 = p. Let x(y) = y**3 - 6*y + 3. What is the remainder when x(4) is divided by g?
7
Let w(r) = 23*r**2 + 35. Calculate the remainder when 112 is divided by w(0).
7
Let d(f) be the second derivative of -f**4/12 - 3*f**3 - 19*f**2 - 14*f. What is the remainder when 79 is divided by d(-10)?
37
Suppose 0 = 4*i - 5*f - 0*f - 2, 2*i + 5*f - 16 = 0. What is the remainder when 79 is divided by (i/2)/((-69)/14 - -5)?
16
Let l = 29 + -12. Let w(j) = 3*j - 1. Let b be w(-1). What is the remainder when l is divided by b*(-1 + 9/(-6))?
7
Calculate the remainder when 176/6 + (-16)/48 is divided by 5.
4
Let z(l) = l**2 + 40*l + 362. What is the remainder when z(-31) is divided by 67?
16
What is the remainder when 40 is divided by (12/16)/(1/20)?
10
Let x = 4 - -6. Suppose x*h - 7*h = 423. What is the remainder when h is divided by 36?
33
Suppose u + j = 10, -4*j = -u + j - 14. Let s(l) = 2*l**2 - 9*l + 4. Calculate the remainder when s(6) is divided by u.
4
Suppose -3*z + 32 = -2*d - 3*d, 0 = 4*z + 4*d - 32. Suppose 7 = 4*n - z. Calculate the remainder when 9 is divided by n.
1
Let j(b) = -3*b**2 - 107*b + 26. What is the remainder when 1245 is divided by j(-35)?
93
Let l be 1/(2/(-4))*255/30. Let i = l + 24. What is the remainder when i is divided by 3?
1
Suppose 4*m + 27 = 5*m + 2*p, -2*m = -5*p - 72. Suppose m + 19 = 2*n. Calculate the remainder when 72 is divided by n.
22
Suppose -3*a + 83 = 5*f, 21 - 5 = 4*f. Let n be (-4)/(-8) + (-118)/(-4). Let x = n + a. What is the remainder when x is divided by 18?
15
Suppose d = 7 + 1. Suppose 3*k + l - 22 = 0, -5*k - 40*l + 37*l + 34 = 0. Calculate the remainder when d is divided by k.
0
Suppose 4*a - y + 48 = 225, 5*a + 5*y - 215 = 0. Let m = -74 - -160. What is the remainder when m is divided by a?
42
Suppose 2*s + 2 = 4*s + r, 4 = -3*s + 2*r. Suppose s = 4*p + 5*c - 196, 2*p + c = 2*c + 112. What is the remainder when p is divided by 14?
12
Suppose 5*p + 46 = -29. Let d be 532/35 - (-3)/p. What is the remainder when 98 is divided by 490/d + 1/3?
32
Let x(g) = 2*g**3 - 2137 + g + 0*g - g**2 + 2134 + 3*g. Suppose -8 - 2 = -5*z. What is the remainder when x(z) is divided by 10?
7
Suppose 45 = 2*w + 41. Suppose -w*n = -29 + 17. What is the remainder when 15 is divided by n?
3
Let a be (-4 - (-8 - -2)) + 1*-2. Suppose 2*d - 4*d + 104 = a. What is the remainder when d is divided by 8?
4
Let p(q) = q**3 + q**2 - 2*q. Let w be p(-2). Let x = w - -6. Let j = -10 + 26. Calculate the remainder when j is divided by x.
4
Suppose -73*m = -84*m + 8294. Calculate the remainder when m is divided by 151.
150
Let g(a) = 2*a**2. Let z(r) = r**3 + 5*r**2 - 8*r - 10. Let v be z(-6). Let h be g(v). Suppose h*q - 148 = 4*q. What is the remainder when q is divided by 13?
11
Let y(m) = -4*m**2 - 25*m + 12. Let n(t) = -t**2 - 8*t + 4. Let l(p) = 7*n(p) - 2*y(p). What is the remainder when l(11) is divided by -2 - -4 - (-8 - 5)?
14
Let l = -26 - -209. Let t(n) = -2*n**2 + 21*n + 10. Calculate the remainder when l is divided by t(9).
35
Calculate the remainder when 102 is divided by (-7)/((-147)/12) - 14